4/(-9))/((-10)/15). What is the tens digit of b(o)?
4
Let n(b) = -b**2 - 15*b - 37. Let x be n(-4). What is the units digit of (87/(-6))/(x/(-2) - -3)?
9
Let p be -145 + 8 + -6 - (-3 - -1). Let g = p + 459. What is the hundreds digit of g?
3
Let g(y) = 657*y**2 - 981*y - 4896. What is the units digit of g(-5)?
4
Suppose 769880 = -14726*w + 14764*w. What is the units digit of w?
0
Let n(t) = -t - 3. Let d be n(-9). Suppose -190 - 74 = -d*b. Suppose b = -11*m + 15*m. What is the tens digit of m?
1
Let s(f) = -2*f**3 + 20*f**2 - 3*f + 30. Let q be s(10). Suppose q = -16*a - 2*a + 9072. What is the hundreds digit of a?
5
Let f be (2 + 24/(-18))/(2/6). Suppose 18 = f*h - 14. Suppose -t = -h - 80. What is the tens digit of t?
9
Suppose 0 = -40*y + 34*y + 6. What is the hundreds digit of y/(3*(-7)/(-5208))?
2
What is the thousands digit of -14*(-5)/(-10)*-216?
1
Let p(h) be the third derivative of 111*h**6/8 - h**5/30 - h**4/24 + h**3/6 - 19*h**2 + 5. What is the thousands digit of p(1)?
1
Suppose 3246 + 1480 = 2*z. Suppose -35*k = 3*v - 31*k - z, 0 = -5*v + 2*k + 3947. What is the units digit of v?
9
Let n be 8/6*3/(-2). Let t(i) be the second derivative of -9*i**5/20 + i**4/6 + i**3/2 + 2*i**2 + 281*i. What is the tens digit of t(n)?
7
What is the tens digit of 29893 - (-15 - -17 - (3 + -1))?
9
Suppose 0 = -4*o - 2*w - 9752, -2*o = -0*o + 5*w + 4868. What is the units digit of 6*(o/(-18) + -6)?
7
Suppose 9*i - 7340 = 17392. What is the hundreds digit of i?
7
What is the thousands digit of (57/(-18))/(2/(-11650)) - 12/(-72)?
8
Suppose -231*t + 198*t + 1100682 = 0. What is the ten thousands digit of t?
3
Let z(r) = 2*r**2 - r - 2. Let m be z(2). Let x = -1182 - -1353. Suppose 3*u - 3*k - x = 0, -2*u - k + 117 = -m*k. What is the tens digit of u?
5
Let b be (-34)/(-16)*(3 - -5). Suppose -b*k + 12*k + 1990 = 0. What is the hundreds digit of k?
3
Let a be -2*(-1)/(-4)*-6. Let f be 1*(-2 - (-3)/3)*a. What is the units digit of ((-6)/5)/(2/555*f)?
1
Let z be -3 - -11 - (-5 - -1). Let s = z + -8. Suppose s*b - 8 - 8 = 0. What is the units digit of b?
4
What is the thousands digit of 185*(10 + (-44)/10)?
1
Suppose -5*x = -39 - 11. Suppose -u = 3*b - 31 - x, u - 41 = 3*b. What is the tens digit of u?
4
Suppose -5*u = 99*k - 100*k - 158897, 4*u - 127110 = -3*k. What is the tens digit of u?
7
Suppose n + 1 = -u, 2*u = 4*n - 0*u + 16. Let f be (2 - -3)/(-2*n/120). Suppose -s = o - 37, -3*o = -3*s + 29 + f. What is the units digit of s?
0
Suppose 3*a - 2615 = t, 0 = -4*a + a - t + 2611. What is the units digit of (-8 + 12)*a/4?
1
Suppose -92*z + 305*z - 14974326 = 0. What is the thousands digit of z?
0
Suppose 5*u - 1935 = -5*z, -6*u + 5*u + 774 = 2*z. Let a = 95 + z. What is the hundreds digit of a?
4
Suppose 0 = 5*s, 4*s - 12170 = -4*r - 3106. Suppose 5*l = r + 464. What is the hundreds digit of l?
5
Suppose 3*k - l - 24033 = 0, l + 4*l - 16056 = -2*k. What is the thousands digit of k?
8
Let b be 122/7 + ((-636)/(-84) - 8). Suppose -23*k + b*k = -1158. What is the tens digit of k?
9
Let o be 406*((-60)/8 - -4). Let l = -136 - o. What is the thousands digit of l?
1
Let s = -1020 + 523. Let f = 528 + s. What is the tens digit of f?
3
Let l = -148 - -148. Let r(c) = -2*c**3 - 2*c**2 + 2*c + 366. What is the units digit of r(l)?
6
Suppose l = -2*u - 12, u - 6*l = -3*l - 20. What is the units digit of ((-1492)/u)/(9/18)?
3
Let o = -30494 - -44214. What is the thousands digit of o?
3
Let t = -219 - -83. What is the tens digit of -6 - t/(-4 - -5)?
3
Let t(j) = j - 22. Let m be t(5). Let p(h) = -h**3 - 15*h**2 + 2*h - 40. What is the units digit of p(m)?
4
Let d(a) = 10*a**2 + 21*a - 43. Let w be d(-11). Let n = 1427 - w. What is the units digit of n?
1
Suppose 5*r = 3*j + 51557, r - 8*j - 10345 = -13*j. What is the thousands digit of r?
0
Let h = -20063 - -29257. What is the thousands digit of h?
9
Suppose -67*t - 23142 = -88*t. Suppose -5*k - 2*m + 1802 = 0, -48*k = -51*k + 4*m + t. What is the units digit of k?
2
Let v(s) = s**3 - 13*s**2 + 2*s + 57. Let y = -111 + 124. What is the units digit of v(y)?
3
Let y = -653 - -462. Let l be 2 + 15/((-45)/(-1038)). Let d = y + l. What is the tens digit of d?
5
Let p be ((8 - 16) + 7)*-181. Suppose -187*b + p*b = -8034. What is the units digit of b?
9
Let u be 168/9*((-30)/3 - -4). What is the tens digit of (-2898)/u - 2/(-16)?
2
Suppose l - 7 = j, -l + 8*j - 4*j + 10 = 0. Suppose -4238 - 862 = -l*n. What is the hundreds digit of n?
8
Let w(z) = 2*z**2 + z - 1. Let h be w(-2). Let j(y) be the second derivative of y**5/20 - y**4/6 + 2*y**3/3 + 3*y**2/2 - 49*y. What is the tens digit of j(h)?
9
Let i(u) = 29*u - 4. Let h be i(1). Let v = 68 - h. What is the tens digit of v/9 + -5 + 904/18?
5
Suppose -20286 = 25*w + 24*w. What is the tens digit of (w/30)/((-1)/60)?
2
Suppose 4*p - 28528 = -4*i, -2*i - 7120 = -p - 6*i. What is the tens digit of p?
3
Let o(j) = j**2 - j - 2. Let l be o(-2). Let z = -3445 - -3451. Suppose z*h - 104 = l*h. What is the units digit of h?
2
Suppose 7*w - 25 = 2*w + 4*i, -4*i = -4*w + 20. Suppose w*l = 4*u - 25, l = -2*u + 3*l + 12. Suppose -186 = 3*z - u*z. What is the tens digit of z?
9
Suppose -33*v + 5*n = -28*v - 6485, 2*n = 3*v - 3889. Let f = -737 + v. What is the hundreds digit of f?
5
What is the ten thousands digit of 5 - -2 - 2/((-10)/(-294675)*-5)?
1
Let d be ((-27)/(-6) + -1)/((-25)/(-50)). Suppose 15*u + d*u = 30228. What is the hundreds digit of u?
3
Suppose -11*k = -2*k + 297. Let o(i) = i**3 + 34*i**2 + 5*i - 46. What is the units digit of o(k)?
8
Let k(r) = -r**2 - 8*r - 1. Let y be k(-9). Let h = y + -33. Let z = 45 + h. What is the units digit of z?
2
Suppose 0 = 2*f + 9 + 5. Let a(t) = -3*t**2 + 2*t - 6. Let u be a(f). Let i = 281 + u. What is the tens digit of i?
1
Suppose -136*r + 6725538 = 133*r. What is the thousands digit of r?
5
Suppose -218922 = -41*i - 3508. What is the units digit of i?
4
Let w(d) = -2*d + 27. Let x be w(19). Let h(m) = 3*m**2 - 2*m + 86. What is the hundreds digit of h(x)?
4
Let l(u) = u**2 + 11*u. Let j be l(-11). Suppose 4*a = -j*a - a. Suppose -2*s + 161 + 103 = a. What is the units digit of s?
2
Let m(v) = -8*v + 22. Let z be m(9). Let g = 54 + z. What is the units digit of 1/(3*g/(-372)*-1)?
1
Let r = 98 - 26. Suppose -t - 31 = z, 2*t + 6*z = 2*z - r. Let c = t + 46. What is the tens digit of c?
2
Suppose 46*b = -4492 - 6180. Let t = b + 1420. What is the thousands digit of t?
1
Let s(k) = 285*k**2 + 290*k + 291. What is the units digit of s(-1)?
6
Suppose 3*d + 5*f = 18, 4*f = -3*d - 2*d + 30. Suppose -d*g = 10 - 28. What is the tens digit of ((-2)/6)/(g + 516/(-171))?
1
Let d be (-28)/98 + 30/7. Let w be 2/4 - (-522)/d. Let m = 224 - w. What is the units digit of m?
3
What is the hundreds digit of (2 - (-10)/((-200)/65))*-1824?
2
Let w = 8521 + -6441. What is the units digit of w?
0
Let w(m) = -m**3 - 6*m + 878. Let t be w(0). What is the hundreds digit of t - (6/(-51) + (-742)/(-238))?
8
Let i be 11/(-33)*6*-2. What is the units digit of -2 - (6 - i - 262)?
8
Let r(a) = -2*a + 12. Let l be r(8). Suppose -12*s - 210 = -5*s. What is the hundreds digit of ((-1875)/s)/((-2)/l)?
1
Let u(v) = -111*v - 234. Let d be u(-32). Suppose 83*y - d = 69*y. What is the hundreds digit of y?
2
Suppose -6*x - 4*p + 61404 = -2*x, 5*x = 4*p + 76773. What is the ten thousands digit of x?
1
Suppose 20*o + 15 - 75 = 0. What is the units digit of 1478/o*12/8?
9
Let v(o) be the first derivative of 3*o**2 + o - 7 + 10 + 2*o**3 - 22 - 8*o. What is the units digit of v(-5)?
3
Let k = 2093 + 6491. What is the hundreds digit of k?
5
Suppose z - 187 = -f, -f + 2*f - 3*z = 203. Let u = 50 + 26. Let d = f - u. What is the units digit of d?
5
Let m(p) = 3*p + 125. Let q be m(-41). Suppose -2*j + 5*r + 2006 = 0, -254 - 1756 = -q*j + 3*r. What is the hundreds digit of j?
0
Let f be -1*(-2946)/(-9) + 16/(-24). What is the units digit of 10/(f/(-1050) + (-20)/70)?
5
Suppose -f + 633 = -477. Suppose 3*y - 1674 = -3*x, -f = 8*y - 10*y - 4*x. What is the units digit of y?
1
Let i(p) = -26*p - 103. Let l be i(-14). Let f = -180 + l. What is the tens digit of f?
8
Suppose 685134 = 233*o - 314669. What is the tens digit of o?
9
Let o be ((-52)/(-6))/(7/((-16065)/10)). Let f = -1093 - o